{"id":1119,"date":"2022-03-02T19:48:21","date_gmt":"2022-03-02T18:48:21","guid":{"rendered":"https:\/\/www.prostor-design.cz\/?page_id=1119"},"modified":"2022-03-02T19:48:21","modified_gmt":"2022-03-02T18:48:21","slug":"impressum","status":"publish","type":"page","link":"https:\/\/www.prostor-design.cz\/de\/impressum\/","title":{"rendered":"Impressum"},"content":{"rendered":"<p><strong>Anbieter:<\/strong><\/p>\n<p>PROSTOR \u2013 design s.r.o.<br \/>\n\u017dernovick\u00e1 257<br \/>\n383 01 Prachatice, CZ<\/p>\n<p><strong>Kontakt:<\/strong><\/p>\n<p>Telefon: +420 388 314 321<br \/>\nTelefax: +420 388 314 321<br \/>\nE-Mail: info@prostor-design.cz<br \/>\nWebsite: <a href=\"https:\/\/www.prostor-design.cz\/\">www.prostordesign.brilo.work<\/a><\/p>\n<p>&nbsp;<\/p>\n<p>Registergericht: Krajsk\u00fdm soud v \u010cesk\u00fdch Bud\u011bjovic\u00edch odd\u00edl C, vlo\u017eka 4659<br \/>\nWirtschafts-Identifikationsnummer:\u00a062502891<br \/>\nUmsatzsteuer-Identifikationsnummer:\u00a0CZ62502891<\/p>\n","protected":false},"excerpt":{"rendered":"<p>Anbieter: PROSTOR \u2013 design s.r.o. \u017dernovick\u00e1 257 383 01 Prachatice, CZ Kontakt: Telefon: +420 388 314 321 Telefax: +420 388 314 321 E-Mail: info@prostor-design.cz Website: www.prostordesign.brilo.work &nbsp; Registergericht: Krajsk\u00fdm soud v \u010cesk\u00fdch Bud\u011bjovic\u00edch odd\u00edl C, vlo\u017eka 4659 Wirtschafts-Identifikationsnummer:\u00a062502891 Umsatzsteuer-Identifikationsnummer:\u00a0CZ62502891<\/p>\n","protected":false},"author":3,"featured_media":0,"parent":0,"menu_order":0,"comment_status":"closed","ping_status":"closed","template":"","meta":{"footnotes":""},"class_list":["post-1119","page","type-page","status-publish","hentry"],"yoast_head":"<!-- This site is optimized with the Yoast SEO plugin v27.5 - https:\/\/yoast.com\/product\/yoast-seo-wordpress\/ -->\n<title>Impressum | PROSTOR-design s.r.o.<\/title>\n<meta name=\"robots\" content=\"index, follow, max-snippet:-1, max-image-preview:large, max-video-preview:-1\" \/>\n<link rel=\"canonical\" href=\"https:\/\/www.prostor-design.cz\/de\/impressum\/\" \/>\n<meta property=\"og:locale\" content=\"de_DE\" \/>\n<meta property=\"og:type\" content=\"article\" \/>\n<meta property=\"og:title\" content=\"Impressum | PROSTOR-design s.r.o.\" \/>\n<meta property=\"og:description\" content=\"Anbieter: PROSTOR \u2013 design s.r.o. \u017dernovick\u00e1 257 383 01 Prachatice, CZ Kontakt: Telefon: +420 388 314 321 Telefax: +420 388 314 321 E-Mail: info@prostor-design.cz Website: www.prostordesign.brilo.work &nbsp; Registergericht: Krajsk\u00fdm soud v \u010cesk\u00fdch Bud\u011bjovic\u00edch odd\u00edl C, vlo\u017eka 4659 Wirtschafts-Identifikationsnummer:\u00a062502891 Umsatzsteuer-Identifikationsnummer:\u00a0CZ62502891\" \/>\n<meta property=\"og:url\" content=\"https:\/\/www.prostor-design.cz\/de\/impressum\/\" \/>\n<meta property=\"og:site_name\" content=\"PROSTOR-design s.r.o.\" \/>\n<meta property=\"article:publisher\" content=\"https:\/\/www.facebook.com\/prostordesignsro\" \/>\n<meta property=\"og:image\" content=\"https:\/\/www.prostor-design.cz\/wp-content\/uploads\/2022\/01\/P1071689-scaled.jpg\" \/>\n\t<meta property=\"og:image:width\" content=\"2560\" \/>\n\t<meta property=\"og:image:height\" content=\"1442\" \/>\n\t<meta property=\"og:image:type\" content=\"image\/jpeg\" \/>\n<meta name=\"twitter:card\" content=\"summary_large_image\" \/>\n<!-- \/ Yoast SEO plugin. -->","yoast_head_json":{"title":"Impressum | PROSTOR-design s.r.o.","robots":{"index":"index","follow":"follow","max-snippet":"max-snippet:-1","max-image-preview":"max-image-preview:large","max-video-preview":"max-video-preview:-1"},"canonical":"https:\/\/www.prostor-design.cz\/de\/impressum\/","og_locale":"de_DE","og_type":"article","og_title":"Impressum | PROSTOR-design s.r.o.","og_description":"Anbieter: PROSTOR \u2013 design s.r.o. \u017dernovick\u00e1 257 383 01 Prachatice, CZ Kontakt: Telefon: +420 388 314 321 Telefax: +420 388 314 321 E-Mail: info@prostor-design.cz Website: www.prostordesign.brilo.work &nbsp; Registergericht: Krajsk\u00fdm soud v \u010cesk\u00fdch Bud\u011bjovic\u00edch odd\u00edl C, vlo\u017eka 4659 Wirtschafts-Identifikationsnummer:\u00a062502891 Umsatzsteuer-Identifikationsnummer:\u00a0CZ62502891","og_url":"https:\/\/www.prostor-design.cz\/de\/impressum\/","og_site_name":"PROSTOR-design s.r.o.","article_publisher":"https:\/\/www.facebook.com\/prostordesignsro","og_image":[{"width":2560,"height":1442,"url":"https:\/\/www.prostor-design.cz\/wp-content\/uploads\/2022\/01\/P1071689-scaled.jpg","type":"image\/jpeg"}],"twitter_card":"summary_large_image","schema":{"@context":"https:\/\/schema.org","@graph":[{"@type":"WebPage","@id":"https:\/\/www.prostor-design.cz\/de\/impressum\/","url":"https:\/\/www.prostor-design.cz\/de\/impressum\/","name":"Impressum | PROSTOR-design s.r.o.","isPartOf":{"@id":"https:\/\/www.prostor-design.cz\/de\/#website"},"datePublished":"2022-03-02T18:48:21+00:00","breadcrumb":{"@id":"https:\/\/www.prostor-design.cz\/de\/impressum\/#breadcrumb"},"inLanguage":"de-DE","potentialAction":[{"@type":"ReadAction","target":["https:\/\/www.prostor-design.cz\/de\/impressum\/"]}]},{"@type":"BreadcrumbList","@id":"https:\/\/www.prostor-design.cz\/de\/impressum\/#breadcrumb","itemListElement":[{"@type":"ListItem","position":1,"name":"\u00davod","item":"https:\/\/www.prostor-design.cz\/de\/"},{"@type":"ListItem","position":2,"name":"Impressum"}]},{"@type":"WebSite","@id":"https:\/\/www.prostor-design.cz\/de\/#website","url":"https:\/\/www.prostor-design.cz\/de\/","name":"PROSTOR-design s.r.o.","description":"","publisher":{"@id":"https:\/\/www.prostor-design.cz\/de\/#organization"},"potentialAction":[{"@type":"SearchAction","target":{"@type":"EntryPoint","urlTemplate":"https:\/\/www.prostor-design.cz\/de\/?s={search_term_string}"},"query-input":{"@type":"PropertyValueSpecification","valueRequired":true,"valueName":"search_term_string"}}],"inLanguage":"de-DE"},{"@type":"Organization","@id":"https:\/\/www.prostor-design.cz\/de\/#organization","name":"PROSTOR-design s.r.o.","url":"https:\/\/www.prostor-design.cz\/de\/","logo":{"@type":"ImageObject","inLanguage":"de-DE","@id":"https:\/\/www.prostor-design.cz\/de\/#\/schema\/logo\/image\/","url":"https:\/\/www.prostor-design.cz\/wp-content\/uploads\/2022\/01\/Prostor-Design-Logo.png","contentUrl":"https:\/\/www.prostor-design.cz\/wp-content\/uploads\/2022\/01\/Prostor-Design-Logo.png","width":180,"height":180,"caption":"PROSTOR-design s.r.o."},"image":{"@id":"https:\/\/www.prostor-design.cz\/de\/#\/schema\/logo\/image\/"},"sameAs":["https:\/\/www.facebook.com\/prostordesignsro"]}]}},"_links":{"self":[{"href":"https:\/\/www.prostor-design.cz\/de\/wp-json\/wp\/v2\/pages\/1119","targetHints":{"allow":["GET"]}}],"collection":[{"href":"https:\/\/www.prostor-design.cz\/de\/wp-json\/wp\/v2\/pages"}],"about":[{"href":"https:\/\/www.prostor-design.cz\/de\/wp-json\/wp\/v2\/types\/page"}],"author":[{"embeddable":true,"href":"https:\/\/www.prostor-design.cz\/de\/wp-json\/wp\/v2\/users\/3"}],"replies":[{"embeddable":true,"href":"https:\/\/www.prostor-design.cz\/de\/wp-json\/wp\/v2\/comments?post=1119"}],"version-history":[{"count":1,"href":"https:\/\/www.prostor-design.cz\/de\/wp-json\/wp\/v2\/pages\/1119\/revisions"}],"predecessor-version":[{"id":1120,"href":"https:\/\/www.prostor-design.cz\/de\/wp-json\/wp\/v2\/pages\/1119\/revisions\/1120"}],"wp:attachment":[{"href":"https:\/\/www.prostor-design.cz\/de\/wp-json\/wp\/v2\/media?parent=1119"}],"curies":[{"name":"wp","href":"https:\/\/api.w.org\/{rel}","templated":true}]}}

<p><strong>Anbieter:</strong></p>
<p>PROSTOR – design s.r.o.<br />
Žernovická 257<br />
383 01 Prachatice, CZ</p>
<p><strong>Kontakt:</strong></p>
<p>Telefon: +420 388 314 321<br />
Telefax: +420 388 314 321<br />
E-Mail: info@prostor-design.cz<br />
Website: <a href="https://www.prostor-design.cz/">www.prostordesign.brilo.work</a></p>
<p>&nbsp;</p>
<p>Registergericht: Krajským soud v Českých Budějovicích oddíl C, vložka 4659<br />
Wirtschafts-Identifikationsnummer: 62502891<br />
Umsatzsteuer-Identifikationsnummer: CZ62502891</p>

<p>Anbieter: PROSTOR – design s.r.o. Žernovická 257 383 01 Prachatice, CZ Kontakt: Telefon: +420 388 314 321 Telefax: +420 388 314 321 E-Mail: info@prostor-design.cz Website: www.prostordesign.brilo.work &nbsp; Registergericht: Krajským soud v Českých Budějovicích oddíl C, vložka 4659 Wirtschafts-Identifikationsnummer: 62502891 Umsatzsteuer-Identifikationsnummer: CZ62502891</p>

<!-- This site is optimized with the Yoast SEO plugin v27.5 - https://yoast.com/product/yoast-seo-wordpress/ -->
<title>Impressum | PROSTOR-design s.r.o.</title>
<meta name="robots" content="index, follow, max-snippet:-1, max-image-preview:large, max-video-preview:-1" />
<link rel="canonical" href="https://www.prostor-design.cz/de/impressum/" />
<meta property="og:locale" content="de_DE" />
<meta property="og:type" content="article" />
<meta property="og:title" content="Impressum | PROSTOR-design s.r.o." />
<meta property="og:description" content="Anbieter: PROSTOR – design s.r.o. Žernovická 257 383 01 Prachatice, CZ Kontakt: Telefon: +420 388 314 321 Telefax: +420 388 314 321 E-Mail: info@prostor-design.cz Website: www.prostordesign.brilo.work &nbsp; Registergericht: Krajským soud v Českých Budějovicích oddíl C, vložka 4659 Wirtschafts-Identifikationsnummer: 62502891 Umsatzsteuer-Identifikationsnummer: CZ62502891" />
<meta property="og:url" content="https://www.prostor-design.cz/de/impressum/" />
<meta property="og:site_name" content="PROSTOR-design s.r.o." />
<meta property="article:publisher" content="https://www.facebook.com/prostordesignsro" />
<meta property="og:image" content="https://www.prostor-design.cz/wp-content/uploads/2022/01/P1071689-scaled.jpg" />
	<meta property="og:image:width" content="2560" />
	<meta property="og:image:height" content="1442" />
	<meta property="og:image:type" content="image/jpeg" />
<meta name="twitter:card" content="summary_large_image" />
<!-- / Yoast SEO plugin. -->

Anbieter: PROSTOR – design s.r.o. Žernovická 257 383 01 Prachatice, CZ Kontakt: Telefon: +420 388 314 321 Telefax: +420 388 314 321 E-Mail: info@prostor-design.cz Website: www.prostordesign.brilo.work &nbsp; Registergericht: Krajským soud v Českých Budějovicích oddíl C, vložka 4659 Wirtschafts-Identifikationsnummer: 62502891 Umsatzsteuer-Identifikationsnummer: CZ62502891

Úvod
